the hundred millions digit of 228546001?
2
What is the ten thousands digit of 7783533?
8
What is the thousands digit of 4890819465?
9
What is the units digit of 1089268855?
5
What is the hundreds digit of 73876894?
8
What is the hundreds digit of 1022456927?
9
What is the hundreds digit of 876193579?
5
What is the hundred thousands digit of 13531068?
5
What is the units digit of 848017937?
7
What is the hundred millions digit of 485122883?
4
What is the hundred millions digit of 1385392779?
3
What is the thousands digit of 52490636?
0
What is the thousands digit of 1250494795?
4
What is the tens digit of 247693393?
9
What is the ten thousands digit of 1204607716?
0
What is the hundred millions digit of 793638893?
7
What is the billions digit of 1357543783?
1
What is the tens digit of 150961527?
2
What is the thousands digit of 24964242?
4
What is the hundred millions digit of 744147276?
7
What is the hundreds digit of 8788855755?
7
What is the thousands digit of 1289685332?
5
What is the millions digit of 54554370?
4
What is the hundred thousands digit of 130473003?
4
What is the millions digit of 28667382?
8
What is the thousands digit of 69842542?
2
What is the units digit of 580998584?
4
What is the tens digit of 71049296?
9
What is the millions digit of 364368594?
4
What is the hundreds digit of 1354885074?
0
What is the ten thousands digit of 149263303?
6
What is the ten thousands digit of 156259751?
5
What is the tens digit of 41362175?
7
What is the ten thousands digit of 604510991?
1
What is the hundred thousands digit of 505056662?
0
What is the tens digit of 91181303?
0
What is the ten thousands digit of 2066551427?
5
What is the millions digit of 74633931?
4
What is the ten millions digit of 778924410?
7
What is the tens digit of 341582178?
7
What is the ten millions digit of 36045378?
3
What is the hundreds digit of 1311856183?
1
What is the hundred millions digit of 757380989?
7
What is the units digit of 861025095?
5
What is the tens digit of 89786308?
0
What is the ten thousands digit of 99201826?
0
What is the hundred millions digit of 183852689?
1
What is the hundred thousands digit of 317226192?
2
What is the ten thousands digit of 23957879?
5
What is the millions digit of 63760485?
3
What is the units digit of 277668203?
3
What is the hundreds digit of 1942346724?
7
What is the millions digit of 5016501659?
6
What is the hundred millions digit of 273575824?
2
What is the ten thousands digit of 217733438?
3
What is the tens digit of 28351867?
6
What is the tens digit of 49137977?
7
What is the units digit of 244486357?
7
What is the hundred millions digit of 152352337?
1
What is the thousands digit of 5023882251?
2
What is the hundreds digit of 116350452?
4
What is the ten thousands digit of 92281416?
8
What is the units digit of 150805441?
1
What is the ten millions digit of 1373199631?
7
What is the thousands digit of 2538366226?
6
What is the hundred millions digit of 382076437?
3
What is the units digit of 7874295162?
2
What is the ten thousands digit of 631824667?
2
What is the ten millions digit of 162725452?
6
What is the hundred thousands digit of 47490741?
4
What is the hundreds digit of 15173143?
1
What is the hundred millions digit of 505313375?
5
What is the hundred thousands digit of 38503617?
5
What is the thousands digit of 1994917315?
7
What is the ten millions digit of 117409419?
1
What is the hundreds digit of 145121293?
2
What is the millions digit of 311380188?
1
What is the ten millions digit of 112711390?
1
What is the tens digit of 59675471?
7
What is the units digit of 285873452?
2
What is the ten thousands digit of 56979520?
7
What is the ten thousands digit of 395517933?
1
What is the ten millions digit of 465300688?
6
What is the thousands digit of 270856307?
6
What is the units digit of 176576646?
6
What is the hundreds digit of 737300505?
5
What is the hundreds digit of 32115128?
1
What is the ten millions digit of 43836640?
4
What is the ten millions digit of 564018073?
6
What is the ten millions digit of 300355517?
0
What is the hundred millions digit of 466816939?
4
What is the ten thousands digit of 58088201?
8
What is the ten millions digit of 1608096781?
0
What is the millions digit of 267768672?
7
What is the millions digit of 53795034?
3
What is the hundreds digit of 895292262?
2
What is the hundred thousands digit of 1833760185?
7
What is the ten thousands digit of 243632342?
3
What is the millions digit of 3885832?
3
What is the tens digit of 34682852?
5
What is the billions digit of 7568233572?
7
What is the hundred thousands digit of 156781528?
7
What is the units digit of 307644?
4
What is the hundred millions digit of 252255554?
2
What is the thousands digit of 804965428?
5
What is the millions digit of 3746743?
3
What is the units digit of 2045246380?
0
What is the millions digit of 963585153?
3
What is the units digit of 2639584570?
0
What is the hundred thousands digit of 300524851?
5
What is the hundreds digit of 27508523?
5
What is the ten thousands digit of 8720509?
2
What is the hundred thousands digit of 187631627?
6
What is the hundreds digit of 556556854?
8
What is the hundreds digit of 64451056?
0
What is the hundred thousands digit of 772175485?
1
What is the hundred millions digit of 195267807?
1
What is the tens digit of 86044262?
6
What is the ten millions digit of 70953742?
7
What is the hundreds digit of 185379450?
4
What is the units digit of 47787961?
1
What is the ten thousands digit of 97439545?
3
What is the thousands digit of 737008931?
8
What is the millions digit of 35085188?
5
What is the billions digit of 1283288996?
1
What is the ten thousands digit of 89910092?
1
What is the units digit of 86012747?
7
What is the hundreds digit of 13136630?
6
What is the tens digit of 4285902486?
8
What is the ten thousands digit of 82647213?
4
What is the millions digit of 229948734?
9
What is the millions digit of 936234321?
6
What is the hundreds digit of 651280604?
6
What is the thousands digit of 72575971?
5
What is the thousands digit of 416795659?
5
What is the thousands digit of 3245114?
5
What is the tens digit of 175839634?
3
What is the ten thousands digit of 2609622994?
2
What is the ten thousands digit of 8032613717?
1
What is the ten thousands digit of 1061950015?
5
What is the ten thousands digit of 8117593528?
9
What is the hundred thousands digit of 84803946?
8
What is the tens digit of 3678730?
3
What is the billions digit of 1371439637?
1
What is the units digit of 67814519?
9
What is the hundreds digit of 70736336?
3
What is the units digit of 6191247979?
9
What is the millions digit of 125319626?
5
What is the ten millions digit of 1339163938?
3
What is the thousands digit of 244570083?
0
What is the thousands digit of 575766507?
6
What is the thousands digit of 387429543?
9
What is the hundreds digit of 344353106?
1
What is the hundreds digit of 733587086?
0
What is the tens digit of 20475958?
5
What is the ten thousands digit of 12708984?
0
What is the tens digit of 943804205?
0
What is the ten millions digit of 2380619780?
8
What is the millions digit of 19224416?
9
What is the thousands digit of 3028308937?
8
What is the tens digit of 23955231?
3
What is the ten millions digit of 2508231105?
0
What is the thousands digit of 30465448?
5
What is the hundreds digit of 746640511?
5
What is the thousands digit of 73599640?
9
What is the ten millions digit of 485517469?
8
What is the hundred thousands digit of 198707182?
7
What is the tens digit of 546657700?
0
What is the units digit of 6001259336?
6
What is the ten thousands digit of 44131942?
3
What is the units digit of 7558175739?
9
What is the ten millions digit of 21968023?
2
What is the hundreds digit of 1061883386?
3
What is the units digit of 3521275622?
2
What is the millions digit of 440770880?
0
What is the ten millions digit of 35541170?
3
What is the tens digit of 256625379?
7
What is the ten thousands digit of 1604301661?
0
What is the hundred millions digit of 398800110?
3
What is the hundred thousands digit of 72340356?
3
What is the ten thousands digit of 317598700?
9
What is the hundreds digit of 748630?
6
What is the thousands digit of 154709110?
9
What is the hundred millions 